{"id":17,"date":"2025-02-25T04:28:16","date_gmt":"2025-02-25T04:28:16","guid":{"rendered":"https:\/\/wp.unimodelonayarit.edu.mx\/?page_id=17"},"modified":"2025-03-08T22:08:13","modified_gmt":"2025-03-08T22:08:13","slug":"oferta-educativa","status":"publish","type":"page","link":"https:\/\/wp.unimodelonayarit.edu.mx\/index.php\/oferta-educativa\/","title":{"rendered":"Oferta Educativa"},"content":{"rendered":"\n<div class=\"wp-block-group popular-courses is-layout-flow wp-block-group-is-layout-flow\" style=\"min-height:0px\">\n<div style=\"height:7px;width:0px\" aria-hidden=\"true\" class=\"wp-block-spacer\"><\/div>\n\n\n\n<h2 class=\"wp-block-heading has-text-align-center section-heading has-base-color has-text-color has-link-color has-roboto-slab-font-family wp-elements-21b275b25b43773bfc24569ce696ae51\">Oferta educativa<\/h2>\n\n\n\n<div style=\"height:20px;width:0px\" aria-hidden=\"true\" class=\"wp-block-spacer\"><\/div>\n\n\n\n<div class=\"wp-block-group is-nowrap is-layout-flex wp-container-core-group-is-layout-6c531013 wp-block-group-is-layout-flex\">\n<div class=\"wp-block-columns popular-course-upper is-layout-flex wp-container-core-columns-is-layout-28f84493 wp-block-columns-is-layout-flex\">\n<div class=\"wp-block-column is-layout-flow wp-block-column-is-layout-flow\">\n<div class=\"wp-block-group popular-course-box wow zoomIn has-border-color has-global-padding is-layout-constrained wp-container-core-group-is-layout-5992ef8e wp-block-group-is-layout-constrained\" style=\"border-color:#eceff1;border-width:1px;padding-top:var(--wp--preset--spacing--20);padding-right:0;padding-bottom:0;padding-left:0\">\n<div class=\"wp-block-group is-layout-flow wp-block-group-is-layout-flow\" style=\"padding-right:var(--wp--preset--spacing--20);padding-left:var(--wp--preset--spacing--20)\">\n<figure class=\"wp-block-image aligncenter size-full is-resized is-style-rounded\"><img loading=\"lazy\" decoding=\"async\" width=\"192\" height=\"125\" src=\"https:\/\/wp.unimodelonayarit.edu.mx\/wp-content\/uploads\/2025\/02\/bachillerato.png\" alt=\"\" class=\"wp-image-84\" style=\"width:171px;height:auto\"\/><\/figure>\n\n\n\n<h5 class=\"wp-block-heading has-text-align-center has-roboto-slab-font-family\"><a href=\"https:\/\/wp.unimodelonayarit.edu.mx\/index.php\/curricula-bachillerato\/\" data-type=\"page\" data-id=\"92\">Curricula Bachillerato<\/a><\/h5>\n\n\n\n<p class=\"has-text-align-center\" style=\"margin-top:var(--wp--preset--spacing--30);margin-right:0;margin-bottom:0;margin-left:0\">Contamos con especialidades t\u00e9cnicas.<\/p>\n<\/div>\n\n\n\n<div class=\"wp-block-group popular-course-info has-second-bg-background-color has-background is-layout-flow wp-block-group-is-layout-flow\" style=\"padding-top:var(--wp--preset--spacing--30);padding-right:var(--wp--preset--spacing--30);padding-bottom:var(--wp--preset--spacing--30);padding-left:var(--wp--preset--spacing--30)\">\n<div class=\"wp-block-columns are-vertically-aligned-center is-layout-flex wp-container-core-columns-is-layout-65e523f9 wp-block-columns-is-layout-flex\">\n<div class=\"wp-block-column is-vertically-aligned-center is-layout-flow wp-block-column-is-layout-flow\" style=\"flex-basis:40%\">\n<div class=\"wp-block-columns are-vertically-aligned-center is-layout-flex wp-container-core-columns-is-layout-ea69a204 wp-block-columns-is-layout-flex\">\n<div class=\"wp-block-column is-vertically-aligned-center teacher-img is-layout-flow wp-block-column-is-layout-flow\" style=\"flex-basis:20%\"><\/div>\n\n\n\n<div class=\"wp-block-column is-vertically-aligned-center is-layout-flow wp-block-column-is-layout-flow\" style=\"flex-basis:80%\"><\/div>\n<\/div>\n<\/div>\n\n\n\n<div class=\"wp-block-column is-vertically-aligned-center is-layout-flow wp-block-column-is-layout-flow\" style=\"flex-basis:60%\"><\/div>\n<\/div>\n<\/div>\n<\/div>\n<\/div>\n\n\n\n<div class=\"wp-block-column is-layout-flow wp-block-column-is-layout-flow\">\n<div class=\"wp-block-group popular-course-box wow zoomIn has-border-color has-global-padding is-layout-constrained wp-container-core-group-is-layout-5992ef8e wp-block-group-is-layout-constrained\" style=\"border-color:#eceff1;border-width:1px;padding-top:var(--wp--preset--spacing--20);padding-right:0;padding-bottom:0;padding-left:0\">\n<div class=\"wp-block-group is-layout-flow wp-block-group-is-layout-flow\" style=\"padding-right:var(--wp--preset--spacing--20);padding-left:var(--wp--preset--spacing--20)\">\n<figure class=\"wp-block-image aligncenter size-full is-resized is-style-rounded\"><img loading=\"lazy\" decoding=\"async\" width=\"700\" height=\"467\" src=\"https:\/\/wp.unimodelonayarit.edu.mx\/wp-content\/uploads\/2025\/02\/puericultura.jpg\" alt=\"\" class=\"wp-image-85\" style=\"width:218px;height:auto\" srcset=\"https:\/\/wp.unimodelonayarit.edu.mx\/wp-content\/uploads\/2025\/02\/puericultura.jpg 700w, https:\/\/wp.unimodelonayarit.edu.mx\/wp-content\/uploads\/2025\/02\/puericultura-300x200.jpg 300w\" sizes=\"auto, (max-width: 700px) 100vw, 700px\" \/><\/figure>\n\n\n\n<h5 class=\"wp-block-heading has-text-align-center has-base-color has-text-color has-link-color has-roboto-slab-font-family wp-elements-ac564967ed9553c31a56f7a85d8a115c\"><a href=\"https:\/\/wp.unimodelonayarit.edu.mx\/index.php\/licenciatura-en-puericultura\/\" data-type=\"page\" data-id=\"192\">Licenciatura en Puericultura<\/a><\/h5>\n<\/div>\n\n\n\n<div class=\"wp-block-group popular-course-info has-second-bg-background-color has-background is-layout-flow wp-block-group-is-layout-flow\" style=\"padding-top:var(--wp--preset--spacing--30);padding-right:var(--wp--preset--spacing--30);padding-bottom:var(--wp--preset--spacing--30);padding-left:var(--wp--preset--spacing--30)\">\n<div class=\"wp-block-columns are-vertically-aligned-center is-layout-flex wp-container-core-columns-is-layout-65e523f9 wp-block-columns-is-layout-flex\">\n<div class=\"wp-block-column is-layout-flow wp-block-column-is-layout-flow\"><\/div>\n\n\n\n<div class=\"wp-block-column is-layout-flow wp-block-column-is-layout-flow\"><\/div>\n<\/div>\n<\/div>\n<\/div>\n<\/div>\n\n\n\n<div class=\"wp-block-column is-vertically-aligned-top is-layout-flow wp-block-column-is-layout-flow\">\n<div class=\"wp-block-group popular-course-box wow zoomIn has-border-color has-global-padding is-layout-constrained wp-container-core-group-is-layout-5992ef8e wp-block-group-is-layout-constrained\" style=\"border-color:#eceff1;border-width:1px;padding-top:var(--wp--preset--spacing--20);padding-right:0;padding-bottom:0;padding-left:0\">\n<div class=\"wp-block-group is-layout-flow wp-block-group-is-layout-flow\" style=\"padding-right:var(--wp--preset--spacing--20);padding-left:var(--wp--preset--spacing--20)\">\n<figure class=\"wp-block-image size-full is-style-rounded\"><img loading=\"lazy\" decoding=\"async\" width=\"720\" height=\"405\" src=\"https:\/\/wp.unimodelonayarit.edu.mx\/wp-content\/uploads\/2025\/02\/cienciasEd.jpg\" alt=\"\" class=\"wp-image-83\" srcset=\"https:\/\/wp.unimodelonayarit.edu.mx\/wp-content\/uploads\/2025\/02\/cienciasEd.jpg 720w, https:\/\/wp.unimodelonayarit.edu.mx\/wp-content\/uploads\/2025\/02\/cienciasEd-300x169.jpg 300w\" sizes=\"auto, (max-width: 720px) 100vw, 720px\" \/><\/figure>\n\n\n\n<h5 class=\"wp-block-heading has-text-align-center has-base-color has-text-color has-link-color has-roboto-slab-font-family wp-elements-95b0d57bfe8acd9feaace4251a48f107\"><a href=\"https:\/\/wp.unimodelonayarit.edu.mx\/index.php\/licenciatura-en-ciencias-de-la-educacion\/\" data-type=\"page\" data-id=\"195\">Licenciatura en Ciencias de la Educaci\u00f3n<\/a><\/h5>\n<\/div>\n\n\n\n<div class=\"wp-block-group popular-course-info has-second-bg-background-color has-background is-layout-flow wp-block-group-is-layout-flow\" style=\"padding-top:var(--wp--preset--spacing--30);padding-right:var(--wp--preset--spacing--30);padding-bottom:var(--wp--preset--spacing--30);padding-left:var(--wp--preset--spacing--30)\">\n<div class=\"wp-block-columns are-vertically-aligned-center is-layout-flex wp-container-core-columns-is-layout-65e523f9 wp-block-columns-is-layout-flex\">\n<div class=\"wp-block-column is-vertically-aligned-center is-layout-flow wp-block-column-is-layout-flow\" style=\"flex-basis:40%\">\n<div class=\"wp-block-columns are-vertically-aligned-center is-layout-flex wp-container-core-columns-is-layout-ea69a204 wp-block-columns-is-layout-flex\">\n<div class=\"wp-block-column is-vertically-aligned-center teacher-img is-layout-flow wp-block-column-is-layout-flow\" style=\"flex-basis:20%\"><\/div>\n<\/div>\n<\/div>\n\n\n\n<div class=\"wp-block-column is-vertically-aligned-center is-layout-flow wp-block-column-is-layout-flow\" style=\"flex-basis:60%\"><\/div>\n<\/div>\n<\/div>\n<\/div>\n<\/div>\n\n\n\n<div class=\"wp-block-column is-layout-flow wp-block-column-is-layout-flow\">\n<div class=\"wp-block-group popular-course-box wow zoomIn has-border-color has-global-padding is-layout-constrained wp-container-core-group-is-layout-5992ef8e wp-block-group-is-layout-constrained\" style=\"border-color:#eceff1;border-width:1px;padding-top:var(--wp--preset--spacing--20);padding-right:0;padding-bottom:0;padding-left:0\">\n<div class=\"wp-block-group is-layout-flow wp-block-group-is-layout-flow\" style=\"padding-right:var(--wp--preset--spacing--20);padding-left:var(--wp--preset--spacing--20)\">\n<figure class=\"wp-block-image aligncenter size-full is-resized is-style-rounded\"><img loading=\"lazy\" decoding=\"async\" width=\"640\" height=\"377\" src=\"https:\/\/wp.unimodelonayarit.edu.mx\/wp-content\/uploads\/2025\/02\/calculator-385506_640.jpg\" alt=\"\" class=\"wp-image-54\" style=\"width:243px;height:auto\" srcset=\"https:\/\/wp.unimodelonayarit.edu.mx\/wp-content\/uploads\/2025\/02\/calculator-385506_640.jpg 640w, https:\/\/wp.unimodelonayarit.edu.mx\/wp-content\/uploads\/2025\/02\/calculator-385506_640-300x177.jpg 300w\" sizes=\"auto, (max-width: 640px) 100vw, 640px\" \/><\/figure>\n\n\n\n<h5 class=\"wp-block-heading has-text-align-center has-base-color has-text-color has-link-color has-roboto-slab-font-family wp-elements-cfaecd0790d9aa2163082821da534bd8\"><a href=\"https:\/\/wp.unimodelonayarit.edu.mx\/index.php\/licenciatura-en-contaduria-y-finanzas\/\" data-type=\"page\" data-id=\"198\">Licenciatura en contadur\u00eda y finanzas<\/a><\/h5>\n<\/div>\n\n\n\n<div class=\"wp-block-group popular-course-info has-second-bg-background-color has-background is-layout-flow wp-block-group-is-layout-flow\" style=\"padding-top:var(--wp--preset--spacing--30);padding-right:var(--wp--preset--spacing--30);padding-bottom:var(--wp--preset--spacing--30);padding-left:var(--wp--preset--spacing--30)\">\n<div class=\"wp-block-columns are-vertically-aligned-center is-layout-flex wp-container-core-columns-is-layout-65e523f9 wp-block-columns-is-layout-flex\">\n<div class=\"wp-block-column is-vertically-aligned-center is-layout-flow wp-block-column-is-layout-flow\" style=\"flex-basis:40%\">\n<div class=\"wp-block-columns are-vertically-aligned-center is-layout-flex wp-container-core-columns-is-layout-ea69a204 wp-block-columns-is-layout-flex\">\n<div class=\"wp-block-column is-vertically-aligned-center teacher-img is-layout-flow wp-block-column-is-layout-flow\" style=\"flex-basis:20%\"><\/div>\n<\/div>\n<\/div>\n\n\n\n<div class=\"wp-block-column is-vertically-aligned-center is-layout-flow wp-block-column-is-layout-flow\" style=\"flex-basis:60%\"><\/div>\n<\/div>\n<\/div>\n<\/div>\n<\/div>\n<\/div>\n<\/div>\n\n\n\n<div class=\"wp-block-group is-nowrap is-layout-flex wp-container-core-group-is-layout-6c531013 wp-block-group-is-layout-flex\">\n<div class=\"wp-block-columns popular-course-upper is-layout-flex wp-container-core-columns-is-layout-28f84493 wp-block-columns-is-layout-flex\">\n<div class=\"wp-block-column is-layout-flow wp-block-column-is-layout-flow\">\n<div class=\"wp-block-group popular-course-box wow zoomIn has-border-color has-global-padding is-layout-constrained wp-container-core-group-is-layout-5992ef8e wp-block-group-is-layout-constrained\" style=\"border-color:#eceff1;border-width:1px;padding-top:var(--wp--preset--spacing--20);padding-right:0;padding-bottom:0;padding-left:0\">\n<div class=\"wp-block-group is-layout-flow wp-block-group-is-layout-flow\" style=\"padding-right:var(--wp--preset--spacing--20);padding-left:var(--wp--preset--spacing--20)\">\n<figure class=\"wp-block-image aligncenter size-full is-resized is-style-rounded\"><img loading=\"lazy\" decoding=\"async\" width=\"1024\" height=\"640\" src=\"https:\/\/wp.unimodelonayarit.edu.mx\/wp-content\/uploads\/2025\/02\/trabajosocial.jpg\" alt=\"\" class=\"wp-image-86\" style=\"width:242px;height:auto\" srcset=\"https:\/\/wp.unimodelonayarit.edu.mx\/wp-content\/uploads\/2025\/02\/trabajosocial.jpg 1024w, https:\/\/wp.unimodelonayarit.edu.mx\/wp-content\/uploads\/2025\/02\/trabajosocial-300x188.jpg 300w, https:\/\/wp.unimodelonayarit.edu.mx\/wp-content\/uploads\/2025\/02\/trabajosocial-768x480.jpg 768w\" sizes=\"auto, (max-width: 1024px) 100vw, 1024px\" \/><\/figure>\n\n\n\n<h6 class=\"wp-block-heading has-text-align-center has-base-color has-text-color has-link-color has-roboto-slab-font-family wp-elements-f7b65eab6b7893ce03e5a721ed640c29\"><a href=\"https:\/\/wp.unimodelonayarit.edu.mx\/index.php\/licenciatura-en-trabajo-social-y-desarrollo-humano\/\" data-type=\"page\" data-id=\"201\">Licenciatura en trabajo social y desarrollo humano<\/a><\/h6>\n<\/div>\n\n\n\n<div class=\"wp-block-group popular-course-info has-second-bg-background-color has-background is-layout-flow wp-block-group-is-layout-flow\" style=\"padding-top:var(--wp--preset--spacing--30);padding-right:var(--wp--preset--spacing--30);padding-bottom:var(--wp--preset--spacing--30);padding-left:var(--wp--preset--spacing--30)\">\n<div class=\"wp-block-columns are-vertically-aligned-center is-layout-flex wp-container-core-columns-is-layout-65e523f9 wp-block-columns-is-layout-flex\">\n<div class=\"wp-block-column is-vertically-aligned-center is-layout-flow wp-block-column-is-layout-flow\" style=\"flex-basis:40%\">\n<div class=\"wp-block-columns are-vertically-aligned-center is-layout-flex wp-container-core-columns-is-layout-ea69a204 wp-block-columns-is-layout-flex\">\n<div class=\"wp-block-column is-vertically-aligned-center teacher-img is-layout-flow wp-block-column-is-layout-flow\" style=\"flex-basis:20%\"><\/div>\n\n\n\n<div class=\"wp-block-column is-vertically-aligned-center is-layout-flow wp-block-column-is-layout-flow\" style=\"flex-basis:80%\"><\/div>\n<\/div>\n<\/div>\n\n\n\n<div class=\"wp-block-column is-vertically-aligned-center is-layout-flow wp-block-column-is-layout-flow\" style=\"flex-basis:60%\"><\/div>\n<\/div>\n<\/div>\n<\/div>\n\n\n\n<div class=\"wp-block-group popular-course-box wow zoomIn has-border-color has-global-padding is-layout-constrained wp-container-core-group-is-layout-5992ef8e wp-block-group-is-layout-constrained\" style=\"border-color:#eceff1;border-width:1px;padding-top:var(--wp--preset--spacing--20);padding-right:0;padding-bottom:0;padding-left:0\">\n<div class=\"wp-block-group is-layout-flow wp-block-group-is-layout-flow\" style=\"padding-right:var(--wp--preset--spacing--20);padding-left:var(--wp--preset--spacing--20)\">\n<figure class=\"wp-block-image aligncenter size-full is-resized is-style-rounded\"><img loading=\"lazy\" decoding=\"async\" width=\"700\" height=\"467\" src=\"https:\/\/wp.unimodelonayarit.edu.mx\/wp-content\/uploads\/2025\/02\/puericultura.jpg\" alt=\"\" class=\"wp-image-85\" style=\"width:231px;height:auto\" srcset=\"https:\/\/wp.unimodelonayarit.edu.mx\/wp-content\/uploads\/2025\/02\/puericultura.jpg 700w, https:\/\/wp.unimodelonayarit.edu.mx\/wp-content\/uploads\/2025\/02\/puericultura-300x200.jpg 300w\" sizes=\"auto, (max-width: 700px) 100vw, 700px\" \/><\/figure>\n\n\n\n<h5 class=\"wp-block-heading has-text-align-center has-base-color has-text-color has-link-color has-roboto-slab-font-family wp-elements-b21548926033c0d50aa60c4acb5fb4dd\"><a href=\"https:\/\/wp.unimodelonayarit.edu.mx\/index.php\/doctorado-en-ciencias-de-la-educacion\/\" data-type=\"page\" data-id=\"214\">Doctorado en Ciencias de la educaci\u00f3n<\/a><\/h5>\n<\/div>\n\n\n\n<div class=\"wp-block-group popular-course-info has-second-bg-background-color has-background is-layout-flow wp-block-group-is-layout-flow\" style=\"padding-top:var(--wp--preset--spacing--30);padding-right:var(--wp--preset--spacing--30);padding-bottom:var(--wp--preset--spacing--30);padding-left:var(--wp--preset--spacing--30)\">\n<div class=\"wp-block-columns are-vertically-aligned-center is-layout-flex wp-container-core-columns-is-layout-65e523f9 wp-block-columns-is-layout-flex\">\n<div class=\"wp-block-column is-vertically-aligned-center is-layout-flow wp-block-column-is-layout-flow\" style=\"flex-basis:40%\">\n<div class=\"wp-block-columns are-vertically-aligned-center is-layout-flex wp-container-core-columns-is-layout-ea69a204 wp-block-columns-is-layout-flex\">\n<div class=\"wp-block-column is-vertically-aligned-center teacher-img is-layout-flow wp-block-column-is-layout-flow\" style=\"flex-basis:20%\"><\/div>\n\n\n\n<div class=\"wp-block-column is-vertically-aligned-center is-layout-flow wp-block-column-is-layout-flow\" style=\"flex-basis:80%\"><\/div>\n<\/div>\n<\/div>\n\n\n\n<div class=\"wp-block-column is-vertically-aligned-center is-layout-flow wp-block-column-is-layout-flow\" style=\"flex-basis:60%\"><\/div>\n<\/div>\n<\/div>\n<\/div>\n<\/div>\n\n\n\n<div class=\"wp-block-column is-layout-flow wp-block-column-is-layout-flow\">\n<div class=\"wp-block-group popular-course-box wow zoomIn has-border-color has-global-padding is-layout-constrained wp-container-core-group-is-layout-5992ef8e wp-block-group-is-layout-constrained\" style=\"border-color:#eceff1;border-width:1px;padding-top:var(--wp--preset--spacing--20);padding-right:0;padding-bottom:0;padding-left:0\">\n<div class=\"wp-block-group is-layout-flow wp-block-group-is-layout-flow\" style=\"padding-right:var(--wp--preset--spacing--20);padding-left:var(--wp--preset--spacing--20)\">\n<figure class=\"wp-block-image aligncenter size-full is-resized is-style-rounded\"><img loading=\"lazy\" decoding=\"async\" width=\"600\" height=\"400\" src=\"https:\/\/wp.unimodelonayarit.edu.mx\/wp-content\/uploads\/2025\/02\/derecho.png\" alt=\"\" class=\"wp-image-87\" style=\"width:260px;height:auto\" srcset=\"https:\/\/wp.unimodelonayarit.edu.mx\/wp-content\/uploads\/2025\/02\/derecho.png 600w, https:\/\/wp.unimodelonayarit.edu.mx\/wp-content\/uploads\/2025\/02\/derecho-300x200.png 300w\" sizes=\"auto, (max-width: 600px) 100vw, 600px\" \/><\/figure>\n\n\n\n<h5 class=\"wp-block-heading has-text-align-center has-base-color has-text-color has-link-color has-roboto-slab-font-family wp-elements-d0a1aa1c1890eee8ef7031ca85ef03c6\"><a href=\"https:\/\/wp.unimodelonayarit.edu.mx\/index.php\/licenciatura-en-derecho\/\" data-type=\"page\" data-id=\"204\">Licenciatura en derecho<\/a><\/h5>\n<\/div>\n\n\n\n<div class=\"wp-block-group popular-course-info has-second-bg-background-color has-background is-layout-flow wp-block-group-is-layout-flow\" style=\"padding-top:var(--wp--preset--spacing--30);padding-right:var(--wp--preset--spacing--30);padding-bottom:var(--wp--preset--spacing--30);padding-left:var(--wp--preset--spacing--30)\">\n<div class=\"wp-block-columns are-vertically-aligned-center is-layout-flex wp-container-core-columns-is-layout-65e523f9 wp-block-columns-is-layout-flex\">\n<div class=\"wp-block-column is-layout-flow wp-block-column-is-layout-flow\"><\/div>\n\n\n\n<div class=\"wp-block-column is-layout-flow wp-block-column-is-layout-flow\"><\/div>\n<\/div>\n<\/div>\n<\/div>\n<\/div>\n\n\n\n<div class=\"wp-block-column is-layout-flow wp-block-column-is-layout-flow\">\n<div class=\"wp-block-group popular-course-box wow zoomIn has-border-color has-global-padding is-layout-constrained wp-container-core-group-is-layout-5992ef8e wp-block-group-is-layout-constrained\" style=\"border-color:#eceff1;border-width:1px;padding-top:var(--wp--preset--spacing--20);padding-right:0;padding-bottom:0;padding-left:0\">\n<div class=\"wp-block-group is-layout-flow wp-block-group-is-layout-flow\" style=\"padding-right:var(--wp--preset--spacing--20);padding-left:var(--wp--preset--spacing--20)\">\n<figure class=\"wp-block-image aligncenter size-full is-resized is-style-rounded\"><img loading=\"lazy\" decoding=\"async\" width=\"645\" height=\"444\" src=\"https:\/\/wp.unimodelonayarit.edu.mx\/wp-content\/uploads\/2025\/02\/habilidades-directivas.jpg\" alt=\"\" class=\"wp-image-89\" style=\"width:220px;height:auto\" srcset=\"https:\/\/wp.unimodelonayarit.edu.mx\/wp-content\/uploads\/2025\/02\/habilidades-directivas.jpg 645w, https:\/\/wp.unimodelonayarit.edu.mx\/wp-content\/uploads\/2025\/02\/habilidades-directivas-300x207.jpg 300w\" sizes=\"auto, (max-width: 645px) 100vw, 645px\" \/><\/figure>\n\n\n\n<h5 class=\"wp-block-heading has-text-align-center has-base-color has-text-color has-link-color has-roboto-slab-font-family wp-elements-3851c48ec44cc38a33c9bd4c68e1c16e\"><a href=\"https:\/\/wp.unimodelonayarit.edu.mx\/index.php\/maestria-en-habilidades-sociales\/\" data-type=\"page\" data-id=\"207\">Maestr\u00eda en Habilidades Directivas<\/a><\/h5>\n<\/div>\n\n\n\n<div class=\"wp-block-group popular-course-info has-second-bg-background-color has-background is-layout-flow wp-block-group-is-layout-flow\" style=\"padding-top:var(--wp--preset--spacing--30);padding-right:var(--wp--preset--spacing--30);padding-bottom:var(--wp--preset--spacing--30);padding-left:var(--wp--preset--spacing--30)\">\n<div class=\"wp-block-columns are-vertically-aligned-center is-layout-flex wp-container-core-columns-is-layout-65e523f9 wp-block-columns-is-layout-flex\">\n<div class=\"wp-block-column is-vertically-aligned-center is-layout-flow wp-block-column-is-layout-flow\" style=\"flex-basis:40%\">\n<div class=\"wp-block-columns are-vertically-aligned-center is-layout-flex wp-container-core-columns-is-layout-ea69a204 wp-block-columns-is-layout-flex\">\n<div class=\"wp-block-column is-vertically-aligned-center teacher-img is-layout-flow wp-block-column-is-layout-flow\" style=\"flex-basis:20%\"><\/div>\n<\/div>\n<\/div>\n\n\n\n<div class=\"wp-block-column is-vertically-aligned-center is-layout-flow wp-block-column-is-layout-flow\" style=\"flex-basis:60%\"><\/div>\n<\/div>\n<\/div>\n<\/div>\n<\/div>\n\n\n\n<div class=\"wp-block-column has-global-padding is-layout-constrained wp-container-core-column-is-layout-639b5052 wp-block-column-is-layout-constrained\" style=\"padding-top:0;padding-right:0;padding-bottom:0;padding-left:0\">\n<div class=\"wp-block-group popular-course-box wow zoomIn has-border-color has-global-padding is-layout-constrained wp-container-core-group-is-layout-5992ef8e wp-block-group-is-layout-constrained\" style=\"border-color:#eceff1;border-width:1px;padding-top:var(--wp--preset--spacing--20);padding-right:0;padding-bottom:0;padding-left:0\">\n<div class=\"wp-block-group is-layout-flow wp-block-group-is-layout-flow\" style=\"padding-right:var(--wp--preset--spacing--20);padding-left:var(--wp--preset--spacing--20)\">\n<figure class=\"wp-block-image aligncenter size-full is-style-rounded\"><img loading=\"lazy\" decoding=\"async\" width=\"1027\" height=\"560\" src=\"https:\/\/wp.unimodelonayarit.edu.mx\/wp-content\/uploads\/2025\/02\/cienciasEDS.png\" alt=\"\" class=\"wp-image-90\" srcset=\"https:\/\/wp.unimodelonayarit.edu.mx\/wp-content\/uploads\/2025\/02\/cienciasEDS.png 1027w, https:\/\/wp.unimodelonayarit.edu.mx\/wp-content\/uploads\/2025\/02\/cienciasEDS-300x164.png 300w, https:\/\/wp.unimodelonayarit.edu.mx\/wp-content\/uploads\/2025\/02\/cienciasEDS-1024x558.png 1024w, https:\/\/wp.unimodelonayarit.edu.mx\/wp-content\/uploads\/2025\/02\/cienciasEDS-768x419.png 768w\" sizes=\"auto, (max-width: 1027px) 100vw, 1027px\" \/><\/figure>\n\n\n\n<h5 class=\"wp-block-heading has-text-align-center has-base-color has-text-color has-link-color has-roboto-slab-font-family wp-elements-756e1cef74b51e95c2e9916dac38f93b\"><a href=\"https:\/\/wp.unimodelonayarit.edu.mx\/index.php\/maestria-en-ciencias-de-la-educacion\/\" data-type=\"page\" data-id=\"211\">Maestr\u00eda en Ciencias de la educaci\u00f3n<\/a><\/h5>\n<\/div>\n\n\n\n<div class=\"wp-block-group popular-course-info has-second-bg-background-color has-background is-layout-flow wp-block-group-is-layout-flow\" style=\"padding-top:var(--wp--preset--spacing--30);padding-right:var(--wp--preset--spacing--30);padding-bottom:var(--wp--preset--spacing--30);padding-left:var(--wp--preset--spacing--30)\">\n<div class=\"wp-block-columns are-vertically-aligned-center is-layout-flex wp-container-core-columns-is-layout-65e523f9 wp-block-columns-is-layout-flex\">\n<div class=\"wp-block-column is-vertically-aligned-center is-layout-flow wp-block-column-is-layout-flow\" style=\"flex-basis:40%\">\n<div class=\"wp-block-columns are-vertically-aligned-center is-layout-flex wp-container-core-columns-is-layout-ea69a204 wp-block-columns-is-layout-flex\">\n<div class=\"wp-block-column is-vertically-aligned-center teacher-img is-layout-flow wp-block-column-is-layout-flow\" style=\"flex-basis:20%\"><\/div>\n<\/div>\n<\/div>\n\n\n\n<div class=\"wp-block-column is-vertically-aligned-center is-layout-flow wp-block-column-is-layout-flow\" style=\"flex-basis:60%\"><\/div>\n<\/div>\n<\/div>\n<\/div>\n<\/div>\n<\/div>\n<\/div>\n\n\n\n<div style=\"height:53px;width:0px\" aria-hidden=\"true\" class=\"wp-block-spacer\"><\/div>\n<\/div>\n","protected":false},"excerpt":{"rendered":"<p>Oferta educativa Curricula Bachillerato Contamos con especialidades t\u00e9cnicas. Licenciatura en Puericultura Licenciatura en Ciencias de la Educaci\u00f3n Licenciatura en contadur\u00eda y finanzas Licenciatura en trabajo social y desarrollo humano Doctorado en Ciencias de la educaci\u00f3n Licenciatura en derecho Maestr\u00eda en Habilidades Directivas Maestr\u00eda en Ciencias de la educaci\u00f3n<\/p>\n","protected":false},"author":1,"featured_media":0,"parent":0,"menu_order":1,"comment_status":"closed","ping_status":"closed","template":"","meta":{"footnotes":""},"class_list":["post-17","page","type-page","status-publish","hentry"],"_links":{"self":[{"href":"https:\/\/wp.unimodelonayarit.edu.mx\/index.php\/wp-json\/wp\/v2\/pages\/17","targetHints":{"allow":["GET"]}}],"collection":[{"href":"https:\/\/wp.unimodelonayarit.edu.mx\/index.php\/wp-json\/wp\/v2\/pages"}],"about":[{"href":"https:\/\/wp.unimodelonayarit.edu.mx\/index.php\/wp-json\/wp\/v2\/types\/page"}],"author":[{"embeddable":true,"href":"https:\/\/wp.unimodelonayarit.edu.mx\/index.php\/wp-json\/wp\/v2\/users\/1"}],"replies":[{"embeddable":true,"href":"https:\/\/wp.unimodelonayarit.edu.mx\/index.php\/wp-json\/wp\/v2\/comments?post=17"}],"version-history":[{"count":14,"href":"https:\/\/wp.unimodelonayarit.edu.mx\/index.php\/wp-json\/wp\/v2\/pages\/17\/revisions"}],"predecessor-version":[{"id":289,"href":"https:\/\/wp.unimodelonayarit.edu.mx\/index.php\/wp-json\/wp\/v2\/pages\/17\/revisions\/289"}],"wp:attachment":[{"href":"https:\/\/wp.unimodelonayarit.edu.mx\/index.php\/wp-json\/wp\/v2\/media?parent=17"}],"curies":[{"name":"wp","href":"https:\/\/api.w.org\/{rel}","templated":true}]}}